it of s?
9
Let w be -4 - (4 - 7) - -3. Let h(a) = 4*a**3 - 3*a**2 + 3*a - 3. What is the units digit of h(w)?
3
Suppose -10 = 3*i - i. Let v = i - -2. What is the tens digit of (-28)/v*(4 - 1)?
2
Let j(h) = h - 75. Let o(f) = -f + 74. Let x(i) = 5*j(i) + 6*o(i). Let k be x(0). Let q = -47 + k. What is the tens digit of q?
2
Suppose -20 = 4*c, -3*c + 662 = 5*x - 1008. Suppose 2*b - x + 17 = 0. What is the hundreds digit of b?
1
Let d be (-1143)/(-18) + 2/4. Suppose 0 = -5*i + u + 320, -i + 3*u + d = -0*i. Suppose -7*h + i = -3*h. What is the tens digit of h?
1
Let n(g) = g**2 - 4. Let j be ((-20)/16)/((-2)/8). Suppose -3*s - 5 = -4*h + 2*s, 3*s - 34 = -j*h. What is the tens digit of n(h)?
2
Suppose 0 = -17*r + 8*r + 72. What is the hundreds digit of (0 - -330) + 0*r/(-40)?
3
What is the tens digit of 563/5 - 30/50?
1
Let u(y) = y - 11. Let v be u(9). Let z be (-1)/v + 24/16. Suppose -z = j - 29. What is the tens digit of j?
2
Let u(x) = x + 10. Let b be u(-7). Suppose -81 + 411 = b*n. What is the tens digit of n?
1
Suppose -23 + 7 = -4*w, w = 4*g + 44. Let s = 59 + -23. What is the units digit of (s/g)/(16/(-40))?
9
Let u = 2670 - 1425. What is the units digit of u?
5
Let v be (27/15)/((-1)/(-25)). Let q = v + -11. What is the tens digit of q?
3
Let c(w) = -33*w**3 + w**2. Let f(s) = -s**3 - 10*s**2 - 1. Let g be f(-10). Let d be c(g). Let t = -20 + d. What is the tens digit of t?
1
Let p = -25 - -48. Let q = 65 - p. What is the tens digit of q?
4
Let p(x) = -92*x + 328. What is the hundreds digit of p(2)?
1
Let s = -34 + 39. Suppose -59 = -2*d - s*g, g = -d + 3*g + 52. What is the units digit of d?
2
Let u(r) = -45*r + 2. Let v = -154 + 149. What is the tens digit of u(v)?
2
Let v(q) = q**3 + 11*q**2 + 18*q - 13. Let x(l) = 2*l**3 + 12*l**2 + 19*l - 11. Let z(i) = -3*v(i) + 2*x(i). What is the tens digit of z(11)?
8
Let g(x) = 2*x**2 + 7*x - 7. Let k be g(-6). Let w = k - 22. Suppose t + w = 0, 4*b + 3*t - 184 = 7*t. What is the tens digit of b?
4
Let t = -2344 - -4078. What is the thousands digit of t?
1
Suppose 4*j - 20 = 0, 223*j = -2*s + 221*j + 4636. What is the tens digit of s?
1
Let b(v) = -2*v**3 - 23*v**2 + 36*v - 47. What is the hundreds digit of b(-20)?
0
Let b(y) = y + 8. Let x be b(-6). Let o(c) = 4*c - 4*c**3 + 1 + 10*c**3 - 3*c - 3*c**3. What is the units digit of o(x)?
7
Suppose 0 = -2*p + 48 - 38. Suppose p*u = u + 72. What is the units digit of u?
8
What is the tens digit of (1480/(-6))/((-17)/51)?
4
Let s(y) = 2*y + 59. What is the tens digit of s(-15)?
2
Suppose -43*v + 41*v + 4*i = -1254, 3*v = i + 1856. What is the units digit of v?
7
Suppose -j - j + 4*r + 36 = 0, 3*j - 68 = -r. Let w = j + -32. Let u = 22 - w. What is the units digit of u?
2
What is the units digit of 174*(3/(-4))/((-18)/80)?
0
Let v(b) be the third derivative of b**4/24 + b**3/3 - 9*b**2. Let m be v(-6). What is the units digit of 4/16 + (-31)/m?
8
Let k be 6*4/((-8)/(-1)). Let q be (-3)/(k/(4 + -7)). Suppose 2*a + 10 = 0, -n - q*n - 4*a + 168 = 0. What is the units digit of n?
7
Let t be 0 - (2 + -6 - -4). Suppose y - 3 + t = 0. Suppose 2*o + o = y. What is the units digit of o?
1
Let a = 206 - 147. What is the units digit of a?
9
Let m be (-1)/((1/1)/(-28)). Suppose k - m = -3*k. Let d = -6 + k. What is the units digit of d?
1
Let w(x) = 19*x - 8*x + 30 - 12*x. What is the units digit of w(0)?
0
Suppose 52817 + 5097 = 23*w. What is the units digit of w?
8
Let y = 39 + -1. Let a = -20 + y. What is the units digit of a?
8
Let s = -35 + 37. Suppose -s*b = -44 + 6. What is the units digit of b?
9
Suppose w - 63 - 114 = 0. Suppose 166 - 7 = 3*q - 5*g, -g = 3*q - w. What is the tens digit of q?
5
Let f(k) = k**3 + 13*k**2 - 3*k + 2. Let b be f(-6). Suppose 82*l - 84*l = -b. What is the tens digit of l?
3
Let y(l) = 2*l - 7*l + 6*l + 0 + 1. Let c(h) = h - 2. Let j(d) = 2*c(d) + 2*y(d). What is the units digit of j(10)?
8
Let k = -291 - -438. What is the hundreds digit of k?
1
Let f(p) = 19*p**2 - 12*p. Let j be f(5). Suppose -z + 109 = -5*x, 4*x = 5*z + 5*x - j. What is the units digit of z?
4
Let v = -685 - -1027. What is the hundreds digit of v?
3
Suppose 2702 = 3*m - 2*j, -4*m + 7*j - 2*j = -3605. What is the units digit of m?
0
Suppose -49*t + 13370 = -42*t. What is the hundreds digit of t?
9
Suppose p + 2*r = 2, 0 = 4*r + 1 - 13. What is the tens digit of (286 - 1)*p/(-12)?
9
Suppose 80*i + 53348 - 215428 = 0. What is the tens digit of i?
2
What is the hundreds digit of (-13358)/(-18) - ((-220)/45 - -5)?
7
Let d = 84 - -9. Let f = d + -28. What is the units digit of f?
5
What is the thousands digit of (-30 + 2)/(-1 + (-234)/(-236))?
3
Suppose -2*o + 59 = -5*w + 20, 0 = -4*o - 3*w + 13. Let j be 2/7 - (-78)/21. Suppose q = j*v - 29, -2*v + 5*q = -v + o. What is the units digit of v?
8
Suppose 2430 = 2*x - v, -2846 + 7694 = 4*x + v. What is the units digit of x?
3
Let l be ((-14)/(-21))/(2/(-21)). Let a = 7 + l. Suppose 3*y = 5*t - 82, 2*t + 3*y + 13 - 50 = a. What is the units digit of t?
7
Let j(o) = 10*o**2 - o + 2. Suppose 2*g - 8 = 0, -2*n - 3*g = -2 - 16. What is the tens digit of j(n)?
8
Let u = 26 + -34. What is the units digit of ((-90)/u)/9*4?
5
What is the tens digit of (-2869)/(-9) + 38/171?
1
Suppose -12*v + 1790 = 2*j - 7*v, 5*v - 4445 = -5*j. What is the tens digit of j?
8
Let o be 5*-2*17/(-10). Suppose 5*i - 3 = o. What is the units digit of -1 + 188/i + -2?
4
What is the units digit of (-5)/((-45)/21771) + 8?
7
Suppose 5*y - 4*h = 9*y - 2572, 2*y = 4*h + 1292. What is the tens digit of y?
4
Suppose 0 = -4*o - 546 + 1834. What is the tens digit of o?
2
Let r = -460 + 245. Let f = r - -337. What is the units digit of f?
2
What is the tens digit of 3/(-9)*13968/(-8)?
8
Let m(w) = 19*w**3 + 2*w**2 - w. Let n be m(1). Suppose 6*j = 5*j - n. What is the tens digit of (0 + 16/j)*-30?
2
Let o(r) = -r**2 - 47*r + 204. What is the units digit of o(-34)?
6
Let z(x) = -x**3 + x**2 - x + 12. Let h be z(0). Let j be (13 - h)/(1/(-4)). Let t(f) = -3*f. What is the units digit of t(j)?
2
Let o = -102 + 106. Suppose o*f - 71 - 173 = 0. What is the units digit of f?
1
Suppose -2*z + 4*l = -14, -17 = -5*z + 2*l - l. What is the units digit of ((-30)/4 + -1)/(z/(-36))?
2
Let i be 1 - 3/(-12)*-4. Suppose -a + i*a + 2*y + 6 = 0, -4*a + 37 = 5*y. What is the units digit of a?
8
Suppose 5*j - 4665 = -4*k, 7*j - 2*k = 2*j + 4695. What is the hundreds digit of j?
9
Suppose -2062 = -9*p + 2213. What is the tens digit of p?
7
Let o be (-1)/(-1*3/9). Suppose q = o*q - 4. Suppose -r = -6*r + 4*x + 98, -q*r - 3*x + 30 = 0. What is the tens digit of r?
1
Suppose -3*y + 14 = 2*a, y + 0*a - 22 = -5*a. Suppose -89 = -y*g - p, -2*g - 2*p + 79 = p. What is the tens digit of g?
4
Suppose 2*h - 12 = 3*j + 9, -2*j + 4*h = 14. Let b(u) = -16*u - 16. What is the units digit of b(j)?
6
Let i be ((-56)/(-128))/(2/(-296))*-4. Let q = -88 + i. What is the hundreds digit of q?
1
Let y(c) = -12*c - 87. Let t be ((-2)/(-5))/((-1)/60). What is the hundreds digit of y(t)?
2
Let l(a) = -8*a + 37. Suppose 4*g + 68 = -2*z, -3*z - 27 = 3*g + 30. What is the units digit of l(g)?
7
What is the tens digit of 69 - (-5 + 7 + -11)?
7
Let g(v) = -6 + 4 - 11 + 6*v - 2. Suppose 7*b - 3*q - 18 = 3*b, -4*q + 8 = 0. What is the units digit of g(b)?
1
Suppose 4*p - 3*n - 31 = -2, -3*p - n = -12. Let s(g) = g - 3. Let o be s(p). Suppose -o = -2*y, 5*w - 144 = -6*y + 2*y. What is the units digit of w?
8
Let z = 84 + -81. Suppose -3*w + 341 = 3*f - 262, -3*f = -z*w - 621. What is the tens digit of f?
0
Suppose 0*i = -2*i + 2. What is the tens digit of 1/i*(22 - 9)?
1
Suppose -4*i + 2*p = -3*i - 5, 0 = 2*p + 6. Let x(u) = -u**3 + 35*u**2 + 34*u + 65. Let q be x(36). Let c = i - q. What is the units digit of c?
6
Suppose -9 = -9*j + 6*j. Suppose j*f + 4 = 2*f, 2*f + 11 = t. Suppose -4*y - 4*k = -9 - t, -y + 3*k = -7. What is the units digit of y?
4
Let b(t) = t**3 - 3*t**2 + 5*t - 2. Let c(w) = w**2. Let q(l) = b(l) - 2*c(l). Let j be q(6). Suppose -4*k + j = -92. What is the units digit of k?
9
Let i(b) = -4*b**3 - 6*b**2 + 3*b - 6. Let x be i(-6). Suppose -4*l + 2*v - 116 + 620 = 0, -v = -5*l + x. What is the tens digit of l?
2
Let d = 819 + 699. What is the tens digit of d?
1
Let h = -659 - -728. Wha